{"id":368,"date":"2024-04-27T04:13:07","date_gmt":"2024-04-27T04:13:07","guid":{"rendered":"https:\/\/mieltitlan.com\/index.php\/el-propoleo-el-secreto-de-las-abejas-para-el-bienestar-y-la-salud\/"},"modified":"2025-07-31T17:10:38","modified_gmt":"2025-07-31T17:10:38","slug":"el-propoleo-el-secreto-de-las-abejas-para-el-bienestar-y-la-salud","status":"publish","type":"page","link":"https:\/\/mieltitlan.com\/index.php\/el-propoleo-el-secreto-de-las-abejas-para-el-bienestar-y-la-salud\/","title":{"rendered":"El prop\u00f3leo: el secreto de las abejas para el bienestar y la salud"},"content":{"rendered":"\n<figure class=\"wp-block-image size-large\"><img loading=\"lazy\" decoding=\"async\" width=\"1024\" height=\"585\" src=\"https:\/\/mieltitlan.com\/wp-content\/uploads\/2024\/05\/ABEJA1-1024x585.png\" alt=\"\" class=\"wp-image-603\" srcset=\"https:\/\/mieltitlan.com\/wp-content\/uploads\/2024\/05\/ABEJA1-1024x585.png 1024w, https:\/\/mieltitlan.com\/wp-content\/uploads\/2024\/05\/ABEJA1-300x171.png 300w, https:\/\/mieltitlan.com\/wp-content\/uploads\/2024\/05\/ABEJA1-768x439.png 768w, https:\/\/mieltitlan.com\/wp-content\/uploads\/2024\/05\/ABEJA1-600x343.png 600w, https:\/\/mieltitlan.com\/wp-content\/uploads\/2024\/05\/ABEJA1.png 1050w\" sizes=\"(max-width: 1024px) 100vw, 1024px\" \/><\/figure>\n\n\n<h2>El prop\u00f3leo: el secreto de las abejas para el bienestar y la salud<\/h2>\n<p>El prop\u00f3leo es una mezcla resinosa obtenida por las abejas de los \u00e1rboles, exudados de savia u otras fuentes vegetales. Las abejas utilizan esta sustancia en la colmena como sellante de peque\u00f1os huecos.<br \/>En ocasiones, el prop\u00f3leo se mezcla con cera para &#8220;barnizar&#8221; todo el interior de la colmena. El color del prop\u00f3leo depende de la fuente de la que las abejas lo hayan obtenido, siendo el m\u00e1s com\u00fan el marr\u00f3n oscuro.<\/p>\n<p>A temperatura ambiente, el prop\u00f3leo es pegajoso, pero a temperaturas m\u00e1s bajas, se solidifica.<\/p>\n<h2>El prop\u00f3leo y su importancia para las abejas<\/h2>\n<p>Una colmena puede producir entre 150 y 300 gramos de prop\u00f3leo anualmente. En nuestro sistema de recolecci\u00f3n, utilizamos una rejilla para obtener esta sustancia al comenzar la primavera, ya que es m\u00e1s necesario en la colmena durante los tiempos fr\u00edos.<\/p>\n<\/p>\n<h2>Los beneficios del prop\u00f3leo para la salud<\/h2>\n<p>El prop\u00f3leo ha sido utilizado tradicionalmente por sus propiedades antis\u00e9pticas y fungicidas. Se prepara como extracto alcoh\u00f3lico con una concentraci\u00f3n del 30%. Este maravilloso producto de las abejas tiene efectos positivos en el sistema inmune, ayudando a prevenir infecciones y promoviendo un estado de bienestar general.<\/p>\n<p>El prop\u00f3leo es conocido como el &#8220;barniz de la colmena&#8221; y su uso no solo es m\u00e1gico, sino tambi\u00e9n beneficioso para nuestra salud. Descubre el secreto de las abejas y aprovecha los incre\u00edbles beneficios del prop\u00f3leo en tu vida diaria.<\/p>\n\n\n<figure class=\"wp-block-image aligncenter size-large is-resized\"><img loading=\"lazy\" decoding=\"async\" width=\"1024\" height=\"1024\" src=\"https:\/\/mieltitlan.com\/wp-content\/uploads\/2025\/02\/GOTERO_PROPOLEO_FRENTE-1024x1024.jpg\" alt=\"\" class=\"wp-image-657\" style=\"width:292px;height:auto\" srcset=\"https:\/\/mieltitlan.com\/wp-content\/uploads\/2025\/02\/GOTERO_PROPOLEO_FRENTE-1024x1024.jpg 1024w, https:\/\/mieltitlan.com\/wp-content\/uploads\/2025\/02\/GOTERO_PROPOLEO_FRENTE-300x300.jpg 300w, https:\/\/mieltitlan.com\/wp-content\/uploads\/2025\/02\/GOTERO_PROPOLEO_FRENTE-150x150.jpg 150w, https:\/\/mieltitlan.com\/wp-content\/uploads\/2025\/02\/GOTERO_PROPOLEO_FRENTE-768x768.jpg 768w, https:\/\/mieltitlan.com\/wp-content\/uploads\/2025\/02\/GOTERO_PROPOLEO_FRENTE-600x600.jpg 600w, https:\/\/mieltitlan.com\/wp-content\/uploads\/2025\/02\/GOTERO_PROPOLEO_FRENTE-100x100.jpg 100w, https:\/\/mieltitlan.com\/wp-content\/uploads\/2025\/02\/GOTERO_PROPOLEO_FRENTE.jpg 1080w\" sizes=\"(max-width: 1024px) 100vw, 1024px\" \/><\/figure>\n\n\n\n<div id=\"wp-block-themeisle-blocks-button-group-2981fc83\" class=\"wp-block-themeisle-blocks-button-group wp-block-buttons align-center-desktop\">\n<div id=\"wp-block-themeisle-blocks-button-5a3b4aaf\" class=\"wp-block-themeisle-blocks-button wp-block-button\"><a href=\"https:\/\/a.co\/d\/6JblbTP\" target=\"_blank\" rel=\"noopener noreferrer\" class=\"wp-block-button__link\"><span>COMPRAR AQUI<\/span><\/a><\/div>\n<\/div>\n","protected":false},"excerpt":{"rendered":"<p>El prop\u00f3leo: el secreto de las abejas para el bienestar y la salud El prop\u00f3leo es una mezcla resinosa obtenida por las abejas de los \u00e1rboles, exudados de savia u otras fuentes vegetales. Las abejas utilizan esta sustancia en la colmena como sellante de peque\u00f1os huecos.En ocasiones, el prop\u00f3leo se mezcla con cera para &#8220;barnizar&#8221; [&hellip;]<\/p>\n","protected":false},"author":1,"featured_media":0,"parent":0,"menu_order":0,"comment_status":"closed","ping_status":"closed","template":"","meta":{"om_disable_all_campaigns":false,"_themeisle_gutenberg_block_has_review":false,"_ti_tpc_template_sync":false,"_ti_tpc_template_id":"","footnotes":""},"aioseo_notices":[],"_links":{"self":[{"href":"https:\/\/mieltitlan.com\/index.php\/wp-json\/wp\/v2\/pages\/368"}],"collection":[{"href":"https:\/\/mieltitlan.com\/index.php\/wp-json\/wp\/v2\/pages"}],"about":[{"href":"https:\/\/mieltitlan.com\/index.php\/wp-json\/wp\/v2\/types\/page"}],"author":[{"embeddable":true,"href":"https:\/\/mieltitlan.com\/index.php\/wp-json\/wp\/v2\/users\/1"}],"replies":[{"embeddable":true,"href":"https:\/\/mieltitlan.com\/index.php\/wp-json\/wp\/v2\/comments?post=368"}],"version-history":[{"count":7,"href":"https:\/\/mieltitlan.com\/index.php\/wp-json\/wp\/v2\/pages\/368\/revisions"}],"predecessor-version":[{"id":720,"href":"https:\/\/mieltitlan.com\/index.php\/wp-json\/wp\/v2\/pages\/368\/revisions\/720"}],"wp:attachment":[{"href":"https:\/\/mieltitlan.com\/index.php\/wp-json\/wp\/v2\/media?parent=368"}],"curies":[{"name":"wp","href":"https:\/\/api.w.org\/{rel}","templated":true}]}}