{"id":349,"date":"2024-04-27T03:33:46","date_gmt":"2024-04-27T03:33:46","guid":{"rendered":"https:\/\/mieltitlan.com\/?page_id=349"},"modified":"2025-07-31T17:07:08","modified_gmt":"2025-07-31T17:07:08","slug":"la-miel-de-abeja-de-la-huasteca-veracruzana-un-tesoro-natural-y-cultural","status":"publish","type":"page","link":"https:\/\/mieltitlan.com\/index.php\/la-miel-de-abeja-de-la-huasteca-veracruzana-un-tesoro-natural-y-cultural\/","title":{"rendered":"Miel de Azahar de la Huasteca Veracruzana"},"content":{"rendered":"\n<figure class=\"wp-block-image size-large\"><img loading=\"lazy\" decoding=\"async\" width=\"1024\" height=\"404\" src=\"http:\/\/mieltitlan.com\/wp-content\/uploads\/2024\/05\/flor-de-azahar-1024x404.jpg\" alt=\"\" class=\"wp-image-479\" srcset=\"https:\/\/mieltitlan.com\/wp-content\/uploads\/2024\/05\/flor-de-azahar-1024x404.jpg 1024w, https:\/\/mieltitlan.com\/wp-content\/uploads\/2024\/05\/flor-de-azahar-300x118.jpg 300w, https:\/\/mieltitlan.com\/wp-content\/uploads\/2024\/05\/flor-de-azahar-768x303.jpg 768w, https:\/\/mieltitlan.com\/wp-content\/uploads\/2024\/05\/flor-de-azahar-1536x606.jpg 1536w, https:\/\/mieltitlan.com\/wp-content\/uploads\/2024\/05\/flor-de-azahar-600x237.jpg 600w, https:\/\/mieltitlan.com\/wp-content\/uploads\/2024\/05\/flor-de-azahar.jpg 1920w\" sizes=\"(max-width: 1024px) 100vw, 1024px\" \/><\/figure>\n\n\n<h2>Un regalo especial de la Huasteca\u00a0<\/h2>\n<p>La miel de abeja de la Huasteca Veracruzana es un verdadero regalo de la naturaleza. Producida en una regi\u00f3n de M\u00e9xico conocida por su exuberante biodiversidad y su gente amable, esta miel es considerada una de las mejores del pa\u00eds.<\/p>\n<h2>El n\u00e9ctar de las flores de azahar y los naranjos<\/h2>\n<p>Obtenida a partir del n\u00e9ctar de las flores de azahar, que crecen en los hermosos \u00e1rboles de naranjo de la regi\u00f3n. Estos \u00e1rboles son cultivados de manera org\u00e1nica, sin el uso de pesticidas, lo que garantiza una miel pura y de alta calidad.<\/p>\n<h2>Arom\u00e1tica, con un sabor c\u00edtrico y color \u00e1mbar claro<\/h2>\n<p>Esta miel se caracteriza por su aroma delicado y su sabor c\u00edtrico. Su color \u00e1mbar claro la hace a\u00fan m\u00e1s atractiva, tanto visualmente como en t\u00e9rminos de sabor. Es perfecta para endulzar tus alimentos y bebidas favoritas, y tambi\u00e9n se puede disfrutar sola.<\/p>\n<p>La gastronom\u00eda emblem\u00e1tica de la regi\u00f3n se enriquece con esta miel \u00fanica. Es un ingrediente clave en muchos platos tradicionales, como el famoso &#8220;pan de elote&#8221; y los dulces t\u00edpicos de la Huasteca Veracruzana.<\/p>\n<\/p>\n\n\n<figure class=\"wp-block-image size-large is-resized\"><img loading=\"lazy\" decoding=\"async\" width=\"768\" height=\"1024\" src=\"http:\/\/mieltitlan.com\/wp-content\/uploads\/2024\/05\/flor-de-azahar-1-768x1024.jpeg\" alt=\"\" class=\"wp-image-484\" style=\"width:518px;height:auto\" srcset=\"https:\/\/mieltitlan.com\/wp-content\/uploads\/2024\/05\/flor-de-azahar-1-768x1023.jpeg 768w, https:\/\/mieltitlan.com\/wp-content\/uploads\/2024\/05\/flor-de-azahar-1-225x300.jpeg 225w, https:\/\/mieltitlan.com\/wp-content\/uploads\/2024\/05\/flor-de-azahar-1-1153x1536.jpeg 1153w, https:\/\/mieltitlan.com\/wp-content\/uploads\/2024\/05\/flor-de-azahar-1-600x800.jpeg 600w, https:\/\/mieltitlan.com\/wp-content\/uploads\/2024\/05\/flor-de-azahar-1.jpeg 1200w\" sizes=\"(max-width: 768px) 100vw, 768px\" \/><\/figure>\n\n\n\n<div id=\"wp-block-themeisle-blocks-button-group-d5533d33\" class=\"wp-block-themeisle-blocks-button-group wp-block-buttons align-center-desktop\">\n<div id=\"wp-block-themeisle-blocks-button-1b13a415\" class=\"wp-block-themeisle-blocks-button wp-block-button\"><a href=\"https:\/\/a.co\/d\/0PooWVN\" target=\"_blank\" rel=\"noopener noreferrer\" class=\"wp-block-button__link\"><span>COMPRAR AQUI<\/span><\/a><\/div>\n<\/div>\n","protected":false},"excerpt":{"rendered":"<p>Un regalo especial de la Huasteca\u00a0 La miel de abeja de la Huasteca Veracruzana es un verdadero regalo de la naturaleza. Producida en una regi\u00f3n de M\u00e9xico conocida por su exuberante biodiversidad y su gente amable, esta miel es considerada una de las mejores del pa\u00eds. El n\u00e9ctar de las flores de azahar y los [&hellip;]<\/p>\n","protected":false},"author":1,"featured_media":0,"parent":0,"menu_order":0,"comment_status":"closed","ping_status":"closed","template":"","meta":{"om_disable_all_campaigns":false,"_themeisle_gutenberg_block_has_review":false,"_ti_tpc_template_sync":false,"_ti_tpc_template_id":"","footnotes":""},"aioseo_notices":[],"_links":{"self":[{"href":"https:\/\/mieltitlan.com\/index.php\/wp-json\/wp\/v2\/pages\/349"}],"collection":[{"href":"https:\/\/mieltitlan.com\/index.php\/wp-json\/wp\/v2\/pages"}],"about":[{"href":"https:\/\/mieltitlan.com\/index.php\/wp-json\/wp\/v2\/types\/page"}],"author":[{"embeddable":true,"href":"https:\/\/mieltitlan.com\/index.php\/wp-json\/wp\/v2\/users\/1"}],"replies":[{"embeddable":true,"href":"https:\/\/mieltitlan.com\/index.php\/wp-json\/wp\/v2\/comments?post=349"}],"version-history":[{"count":12,"href":"https:\/\/mieltitlan.com\/index.php\/wp-json\/wp\/v2\/pages\/349\/revisions"}],"predecessor-version":[{"id":716,"href":"https:\/\/mieltitlan.com\/index.php\/wp-json\/wp\/v2\/pages\/349\/revisions\/716"}],"wp:attachment":[{"href":"https:\/\/mieltitlan.com\/index.php\/wp-json\/wp\/v2\/media?parent=349"}],"curies":[{"name":"wp","href":"https:\/\/api.w.org\/{rel}","templated":true}]}}